{"id":14,"date":"2017-03-10T16:35:23","date_gmt":"2017-03-10T16:35:23","guid":{"rendered":"http:\/\/xn--bibel-mller-xfb.de\/?page_id=14"},"modified":"2017-03-10T16:35:23","modified_gmt":"2017-03-10T16:35:23","slug":"impressum","status":"publish","type":"page","link":"https:\/\/xn--bibel-mller-xfb.de\/?page_id=14","title":{"rendered":"Impressum"},"content":{"rendered":"<p>Christliche Buchhandlung<br \/>\nBibel-B\u00fccher-Dienst<br \/>\nInh. Christoph M\u00f6ller<br \/>\nLindenstra\u00dfe 5<br \/>\n25524 Itzehoe<\/p>\n<p>Tel: \u00a004821 &#8211; 3663<br \/>\nFax: 04821 &#8211; 888012<\/p>\n<p><a href=\"mailto:bibel-buecher-dienst@gmx.de\">bibel-buecher-dienst@gmx.de<\/a><\/p>\n<p>Steuer-Nr.: 18\/019\/02192<\/p>\n","protected":false},"excerpt":{"rendered":"<p>Christliche Buchhandlung Bibel-B\u00fccher-Dienst Inh. Christoph M\u00f6ller Lindenstra\u00dfe 5 25524 Itzehoe Tel: \u00a004821 &#8211; 3663 Fax: 04821 &#8211; 888012 bibel-buecher-dienst@gmx.de Steuer-Nr.: 18\/019\/02192<\/p>\n","protected":false},"author":1,"featured_media":0,"parent":0,"menu_order":0,"comment_status":"closed","ping_status":"closed","template":"","meta":{"footnotes":""},"_links":{"self":[{"href":"https:\/\/xn--bibel-mller-xfb.de\/index.php?rest_route=\/wp\/v2\/pages\/14"}],"collection":[{"href":"https:\/\/xn--bibel-mller-xfb.de\/index.php?rest_route=\/wp\/v2\/pages"}],"about":[{"href":"https:\/\/xn--bibel-mller-xfb.de\/index.php?rest_route=\/wp\/v2\/types\/page"}],"author":[{"embeddable":true,"href":"https:\/\/xn--bibel-mller-xfb.de\/index.php?rest_route=\/wp\/v2\/users\/1"}],"replies":[{"embeddable":true,"href":"https:\/\/xn--bibel-mller-xfb.de\/index.php?rest_route=%2Fwp%2Fv2%2Fcomments&post=14"}],"version-history":[{"count":1,"href":"https:\/\/xn--bibel-mller-xfb.de\/index.php?rest_route=\/wp\/v2\/pages\/14\/revisions"}],"predecessor-version":[{"id":15,"href":"https:\/\/xn--bibel-mller-xfb.de\/index.php?rest_route=\/wp\/v2\/pages\/14\/revisions\/15"}],"wp:attachment":[{"href":"https:\/\/xn--bibel-mller-xfb.de\/index.php?rest_route=%2Fwp%2Fv2%2Fmedia&parent=14"}],"curies":[{"name":"wp","href":"https:\/\/api.w.org\/{rel}","templated":true}]}}